e units digit of (6 + 104/r)/((-1)/468)?
4
Let r = -296 - -3283. What is the hundreds digit of r?
9
Suppose 9*i = -3*f + 12*i + 33768, -f + 2*i = -11259. What is the units digit of f?
3
Suppose 3*f = 3159 + 2610. Suppose 11*u - 2092 = f. What is the tens digit of u?
6
Let r = 229 + -127. Suppose c = -2, -v - r = 3*c - 431. What is the tens digit of v?
3
Let i(n) = 2*n - 7. Let b(o) = o. Let p(a) = -2*b(a) - i(a). Let r be p(-7). Let g = -16 + r. What is the units digit of g?
9
Let j = -252 + 259. Let i be ((-18)/(-5))/(18/60). Suppose -i*t + 260 = -j*t. What is the tens digit of t?
5
Let m be (2 - (-2 + -31))/((-60)/840). Let o = m - -1052. What is the tens digit of o?
6
Let h = 102200 - 50487. What is the thousands digit of h?
1
Suppose -4*n - 55 - 157 = -4*b, -b + 41 = 3*n. Suppose b*q = 52*q - 2208. What is the tens digit of q?
0
Let i be (-1)/(0 - -1)*(4 + -1). Let k be 1/(12/32*(-2)/i). Suppose -k*l + 260 + 156 = 0. What is the tens digit of l?
0
Suppose -6131 = -13*j + 24952. What is the units digit of j?
1
Suppose 3770 = 5*z - c, -3*z + 2*z + 754 = -c. Let a = z + -539. What is the hundreds digit of a?
2
Suppose 4*a + 2*y - 848 = 0, 0*a - 5*a = 5*y - 1065. Let h = 304 - a. What is the tens digit of (-3)/((-36)/h)*12?
9
Let i = 4687 + -2686. What is the hundreds digit of i?
0
Suppose 26 = g - 4*l - 690, -g = -3*l - 713. Let y = g - 404. Suppose -2*w = 0, 6*w = 3*r + 2*w - y. What is the hundreds digit of r?
1
Let z(u) = u**3 + 12*u**2 + 18*u - 12. Let n be z(-10). Suppose 12*w + 48 = n*w. Let t(b) = -6*b + 24. What is the tens digit of t(w)?
9
Let o(i) = 4*i - 20. Let n be o(8). Suppose -n*y - 12 = -16*y. Suppose -80 = -y*v + 58. What is the units digit of v?
6
What is the tens digit of -1 - 150261/(-9) - 74/(-222)?
9
Let s(k) = -2*k**3 + 6*k**2 - 3*k + 8. Let o be s(5). Let y = o - -302. What is the hundreds digit of y?
1
Suppose 0 = -4*d - b + 40529, 4*d - 3988 - 36516 = 4*b. Let t be d/(-55) + 1/5. Let r = t - -270. What is the units digit of r?
6
Suppose 6*r + 152830 = 40*r. What is the thousands digit of r?
4
Suppose 4*t - 54 + 26 = 0. Suppose 209 + 71 = t*b. What is the units digit of b?
0
Let c(a) = a**2 + 11*a. Let m(i) = -i**3 + 3*i**2 + 7*i - 6. Let y be m(4). Suppose 13 = -3*t - 5*o - 13, t + 3*o = -y. What is the units digit of c(t)?
2
Suppose 65*n = -11*n - 39*n + 10557805. What is the tens digit of n?
0
Let j be 144/180 - 302/(-10). Suppose 0 = r + j*r - 17472. What is the tens digit of r?
4
Suppose 3*y - 25 = -k, -y - 2*k = -5*y + 50. Suppose 0 = -y*w + 3330 + 1470. What is the hundreds digit of w?
4
Suppose -2*m - k = 184, 0*m + 354 = -4*m + 5*k. Let p = 165 + m. Let g = -16 + p. What is the units digit of g?
8
Let k(w) = 11*w + 17 + 2*w**2 - 4412*w**3 + 0*w + 4411*w**3. What is the tens digit of k(-8)?
6
What is the hundreds digit of 2/6 - (-5)/15*42536?
1
Suppose -120*i + 84*i = -232524. What is the tens digit of i?
5
What is the thousands digit of 0 + 19387 - 1053/(-81)?
9
Suppose 2*t - 1546 = -z, 2*z - 6192 = -2*z - 4*t. Suppose -14*b + z = -4*b. What is the hundreds digit of b?
1
Let o be (-1 + 1 - 2) + 2. Let n(u) = -u**2 + 2*u + 118. Let k be n(-9). Suppose r - 96 + k = o. What is the units digit of r?
7
Let n(d) = -6*d**2 - 4*d - 5. Let j(s) be the second derivative of s**4/12 + s**2/2 + 17*s. Let g(o) = -4*j(o) - n(o). What is the tens digit of g(-6)?
4
Let o = 42654 + -14174. What is the tens digit of o?
8
Suppose -1 = w - 4*l - 9, 5*w - 4*l = 24. Suppose -w*h - 1239 - 22 = -3*u, -2067 = -5*u - 2*h. What is the hundreds digit of u?
4
Suppose -5*k + 3*x + 76442 = 6*x, -3*k = 5*x - 45846. What is the hundreds digit of k?
2
Let k(y) = -980*y - 255. What is the hundreds digit of k(-10)?
5
Suppose -6 = 3*o + 4*d + 1, -3*d - 12 = 0. Suppose -3*s - 3*a = o, 5*s - 4*a = 4 - 0. Suppose s*x - 664 = -8*x. What is the tens digit of x?
8
Let q(o) = -2*o + 1. Let w be q(-1). Let u = 276 - 276. Suppose -56 = -2*d - 2*v, -w*d + u*v + 68 = -v. What is the units digit of d?
4
Suppose 1878*l - 1887*l + 31428 = 0. Let z = -1629 + l. What is the tens digit of z?
6
Suppose 8*a = 982 + 986. Let j = -175 + a. What is the units digit of j?
1
Let s(i) = i - 10*i + 6 - 6*i - 10. Let f be s(2). Let l = f - -50. What is the units digit of l?
6
Suppose -6*d = d + 212*d - 8979000. What is the units digit of d?
0
Let o = 40 + -40. Suppose -2*x + 2 = 2*m - o*m, -x - 3 = -m. What is the units digit of -1 - x*(-30)/4*-10?
4
Let m(l) = 437*l**2 - 395*l - 1915. What is the ten thousands digit of m(-5)?
1
Suppose 0 = 4*a - j - 36035, 153*j + 45045 = 5*a + 152*j. What is the units digit of a?
0
Suppose 10*w = 304 - 4. What is the hundreds digit of 1002*16/6*w/120?
6
Suppose -171308 - 100832 = -19*c + 362650. What is the ten thousands digit of c?
3
Let h(n) = 40*n**2 - 109*n + 93. What is the hundreds digit of h(-25)?
8
Suppose 5*t + 1 - 16 = 0. Suppose 2*x = -x + t*i, 3*i = -3*x + 18. Suppose 2*w = -3*h - 2*h + 110, -x*h + 55 = -w. What is the units digit of h?
0
Let c be 6 - (1410 + (-2)/(-2)). Let z = -898 - c. What is the units digit of z?
7
Suppose -45*g + 42 = -39*g. Suppose -i - 3*o = -388 - 323, 5*i - 3569 = -o. Suppose 119 = -g*r + i. What is the tens digit of r?
8
Let g be (-425697)/(-119) - 2/7. Suppose r = 2*n - g, -5*n + 6*n - 1790 = r. What is the units digit of n?
7
Let k = 106 - 107. Let l be -12 + 8 + (-488)/k. Let p = l - 303. What is the hundreds digit of p?
1
Suppose 2*m = 5*g - 4*g - 4211, -4*m + 8454 = 2*g. Suppose 2*a = -5*b + g, 2002 = 3*b + 5*a - 518. What is the tens digit of b?
4
Suppose -14605 = -4*q + 5*j, 6*j = 5*q + 2*j - 18245. What is the tens digit of q?
4
Suppose -a + 9*a - 3320 = 0. Let f = a + -30. What is the tens digit of f?
8
Suppose -4*y + h = -3, h = -4*y - h + 18. Let q(b) = -9*b**3 + 8 + 11*b**2 + y*b - 3*b**2 + 10*b**3. What is the tens digit of q(-6)?
6
Let x(b) = -b**2 + 2*b + 90. Let z(g) = g**3 - 3*g**2. Let t be (12/(-10))/((-4)/10). Let o be z(t). What is the tens digit of x(o)?
9
Let w be (69/(-2))/(0 - 15/(-380)). Let y = w + 1594. What is the units digit of y?
0
Let u(f) = -154*f + 497*f - 162*f - 103*f + 158 - 176*f. What is the hundreds digit of u(-14)?
5
Let v be (6 - -1)*240/140. What is the tens digit of 4/(v/3)*479?
7
Suppose 5*x = 4*z - 16, 4*z + z - 20 = -5*x. What is the units digit of 1157376/1320 + -2*z/10?
6
Let d(v) = 13*v - 25. Let j = -25 + 25. Let k be d(j). Let i(b) = -9*b - 76. What is the units digit of i(k)?
9
Let s(w) = 73*w + 32. Let n be s(11). What is the tens digit of 28/42 + (-3)/((-9)/n)?
7
Suppose 3*t = -x + 9286 + 2885, -2*x + t = -24363. What is the hundreds digit of x?
1
What is the hundreds digit of 340802/84*6 - -18?
3
Let m(k) = k**3 + 10*k**2 - 6*k - 3. Let s be m(-10). Let f = s + -57. Suppose i + 69 - 312 = f. What is the hundreds digit of i?
2
Suppose z - 34*k + 33*k = 3514, -3*k + 14021 = 4*z. What is the units digit of z?
9
Suppose 202*j - 216*j - 1918 = 0. Let n = 207 - 121. Let q = n - j. What is the tens digit of q?
2
Let y be -140*-3*(-16)/(-40). What is the hundreds digit of 85464/y - (-2)/7?
5
Suppose -3*p = -4*q - 2*p + 67789, p = -3*q + 50826. What is the units digit of q?
5
Let a(w) = -w + 5. Let p be a(-3). Suppose 3*d = 11*d + p. What is the tens digit of (0 + d)/(3/(-114)*2)?
1
Suppose 4*r - 67932 = -2*i, 49*r - 5*i = 52*r - 50942. What is the ten thousands digit of r?
1
Let i = -866 + 970. What is the tens digit of (-20629)/(-13) - i/(-676)?
8
Suppose -4*n + b = -16620, -n + 350 = -2*b - 3805. What is the thousands digit of n?
4
Suppose 51 = 5*h - 154. Let w(d) = 99*d + 4076. Let i be w(-41). Let g = h + i. What is the units digit of g?
8
Let d = 329 + -320. What is the hundreds digit of d - 16 - (1 - 225)?
2
What is the units digit of -2 + 4 + 2155 - (-34 + 26)?
5
Let u = 12990 - 1071. What is the tens digit of u?
1
Suppose -g = 3*g - 60. What is the hundreds digit of 3/g - 19940/(-50)?
3
Let g(z) be the first derivative of 16*z**3 - 5*z**2/2 + z + 24. Let p be g(4). Suppose -p - 16 = -5*h. What is the units digit of h?
3
Suppose 19*m - 24*m - 1325 = 0. Let l = -70 - m. Suppose -4*k + 213 = -l. What is the tens digit of k?
0
Let o = -473 - -471. What is the units digit of -27 + 873 - (o/(-1))/1?
4
Let y = 8683 - 4040. What is the hundreds d